 composite?
False
Is 52030148273 composite?
True
Is 2742300409 a composite number?
True
Is 2857965779 a prime number?
False
Is 49742913489 prime?
False
Is 3096754547 a prime number?
False
Is 915461789 composite?
True
Is 1393361527 a composite number?
False
Is 5683496603 prime?
True
Is 73318493 composite?
False
Is 51522798707 composite?
True
Is 246487847 composite?
False
Is 6135146782 a prime number?
False
Is 32919631 a prime number?
True
Is 424925419 prime?
True
Is 624266801 a prime number?
True
Is 5919419897 composite?
False
Is 76247561977 a composite number?
True
Is 636349487 a composite number?
True
Is 3643331143 a composite number?
False
Is 1018902827 a composite number?
False
Is 4684587421 composite?
True
Is 62767181 a composite number?
True
Is 359708497 composite?
True
Is 11305024793 composite?
False
Is 42233671 a composite number?
True
Is 20102896069 a composite number?
False
Is 5251450493 a prime number?
True
Is 3003312359 composite?
False
Is 8669130461 prime?
True
Is 20160867673 prime?
True
Is 4631972593 composite?
False
Is 5093533583 composite?
True
Is 182305619 a composite number?
False
Is 782897237 prime?
True
Is 152222356381 prime?
False
Is 1136291831 a composite number?
False
Is 9286538597 prime?
False
Is 288479027 a prime number?
False
Is 9823661945 a composite number?
True
Is 53469673357 a prime number?
True
Is 672744649 composite?
True
Is 22173234481 prime?
False
Is 2315646353 a composite number?
False
Is 6148431269 composite?
False
Is 4611160199 composite?
True
Is 51993576389 a composite number?
True
Is 35285257769 a prime number?
False
Is 37770512749 prime?
True
Is 63592155979 composite?
True
Is 4379175487 a composite number?
False
Is 512517557 a composite number?
False
Is 21744587 prime?
False
Is 719468161 composite?
False
Is 34539658787 composite?
True
Is 25802912497 a prime number?
True
Is 63440838179 a prime number?
False
Is 106289429107 composite?
False
Is 172653400193 a composite number?
False
Is 29247939229 a composite number?
False
Is 95562363737 a prime number?
True
Is 5273314243 composite?
False
Is 283919171 a composite number?
False
Is 5441179735 a prime number?
False
Is 1982333711 prime?
False
Is 71779784617 composite?
True
Is 10665921607 a composite number?
True
Is 90674690306 a composite number?
True
Is 17960302495 prime?
False
Is 8820391379 a composite number?
False
Is 33720294369 prime?
False
Is 801516727 a composite number?
True
Is 790587339 a composite number?
True
Is 25381428109 a composite number?
False
Is 209177471 a composite number?
False
Is 10294529801 a composite number?
False
Is 52772986583 prime?
False
Is 7486898227 a prime number?
False
Is 172745736287 a prime number?
True
Is 32423960887 composite?
False
Is 7000479671 a composite number?
True
Is 810981238 a composite number?
True
Is 833833523 prime?
False
Is 24233942639 a composite number?
True
Is 11159744135 a prime number?
False
Is 47673893 prime?
False
Is 1037544631 prime?
False
Is 601280767 a prime number?
True
Is 3050475191 composite?
False
Is 466916531 a composite number?
False
Is 30845444573 a composite number?
False
Is 5118458223 prime?
False
Is 21346971011 prime?
True
Is 52338340217 a prime number?
True
Is 1104170789 a prime number?
True
Is 11672534831 a composite number?
True
Is 8245984711 a prime number?
True
Is 4974342493 prime?
False
Is 1297491031 prime?
True
Is 1245401449 composite?
True
Is 19370747051 a composite number?
True
Is 1655728293 prime?
False
Is 149575759 a prime number?
False
Is 3672545099 a composite number?
True
Is 6212412707 composite?
False
Is 416634809 a composite number?
False
Is 5694163901 composite?
False
Is 69285684067 a prime number?
False
Is 31199479 a composite number?
False
Is 1762901957 a prime number?
True
Is 204234263 a prime number?
False
Is 2584022257 a composite number?
False
Is 798187717 composite?
True
Is 22510925623 a prime number?
True
Is 797788961 composite?
True
Is 196454437 prime?
False
Is 1746973279 prime?
False
Is 65425075763 prime?
False
Is 7794907103 a composite number?
False
Is 3613127797 composite?
False
Is 46726885159 composite?
False
Is 2942206999 prime?
False
Is 758027223443 a composite number?
True
Is 10818019649 composite?
True
Is 837524173 a composite number?
False
Is 226563569 prime?
True
Is 20385875527 a composite number?
False
Is 6819940987 prime?
True
Is 5748172993 composite?
True
Is 182215997 a prime number?
True
Is 62404021385 a prime number?
False
Is 228734987 composite?
True
Is 28463091919 composite?
False
Is 205933521 a prime number?
False
Is 1786509041 a composite number?
True
Is 25102243213 a composite number?
True
Is 26771297767 prime?
True
Is 198753220021 a composite number?
True
Is 9812519291 a prime number?
True
Is 60204779059 a prime number?
False
Is 1140623566 composite?
True
Is 61519484011 a prime number?
True
Is 393423941 a composite number?
False
Is 110520336229 composite?
False
Is 22992114601 a prime number?
True
Is 2110796861 a composite number?
False
Is 515751671 prime?
False
Is 17084500049 composite?
False
Is 78862795421 composite?
True
Is 42538249 a composite number?
True
Is 3232520831 composite?
False
Is 54645654133 prime?
False
Is 3384817307 composite?
False
Is 2413338673 composite?
False
Is 9683027 composite?
True
Is 60362467 a composite number?
True
Is 36586108679 a composite number?
False
Is 157654043 a composite number?
True
Is 5045013157 a composite number?
False
Is 1988576383 composite?
True
Is 295925281 a prime number?
True
Is 165161428079 composite?
True
Is 12102789103 a prime number?
False
Is 670141931 prime?
True
Is 412179269 a composite number?
True
Is 3392613997 a prime number?
True
Is 17544919459 composite?
False
Is 613733653 prime?
False
Is 134990203 a composite number?
True
Is 58272135217 prime?
False
Is 1957090249 composite?
False
Is 1844458457 composite?
False
Is 4001794049 a prime number?
False
Is 1409357 a composite number?
False
Is 15567788657 a composite number?
False
Is 2202588539 a prime number?
True
Is 3949299209 prime?
True
Is 942640707 composite?
True
Is 498890377 a composite number?
False
Is 4040647799 prime?
True
Is 68976223 prime?
False
Is 20381790077 a composite number?
True
Is 15431035103 composite?
True
Is 180358417 a composite number?
True
Is 3410333393 a composite number?
True
Is 3928310341 a composite number?
False
Is 3689311583 prime?
True
Is 1465310591 composite?
False
Is 44701337923 prime?
False
Is 203906109569 a composite number?
True
Is 128107321 prime?
True
Is 46533141647 a prime number?
False
Is 90512185 composite?
True
Is 903042359 composite?
False
Is 150033131 prime?
True
Is 1488955477 composite?
False
Is 1169380165 a composite number?
True
Is 2240377901 prime?
False
Is 1517789093 prime?
False
Is 57499115743 composite?
False
Is 25574531 a composite number?
True
Is 105536936959 prime?
True
Is 126373139 composite?
True
Is 39448967 composite?
False
Is 30231458347 a prime number?
True
Is 27139154209 a composite number?
False
Is 3519696641 a composite number?
False
Is 534635687 composite?
False
Is 1642320739 composite?
True
Is 52670733293 composite?
True
Is 4953620083 prime?
False
Is 24162288769 a prime number?
False
Is 29460577361 prime?
False
Is 3160422758 composite?
True
Is 31819091869 a composite number?
False
Is 2300037149 a composite number?
False
Is 145879658203 a composite number?
True
Is 2752513861 a prime number?
True
Is 73256251 prime?
False
Is 3566033971 composite?
True
Is 3942005707 composite?
False
Is 114604957273 a composite number?
False
Is 1473631 prime?
True
Is 148921081681 a composite number?
False
Is 111432913 a prime number?
True
Is 703201033 composite?
False
Is 1844427941 prime?
False
Is 333004495 composite?
True
Is 344254483 composite?
True
Is 2715577549 composite?
False
Is 447517337 prime?
False
Is 72688043 prime?
False
Is 71011436161 prime?
False
Is 903430543 a prime number?
False
Is 1277382853 a composite number?
False
Is 503168521 composite?
False
Is 24810414641 prime?
False
Is 540809579 a composite number?
True
Is 47709197059 prime?
True
Is 1296204101 a prime number?
True
Is 180761591 a prime number?
True
Is 138922471637 a prime number?
True
Is 78607051 a prime number?
True
Is 4956766351 a prime number?
False
Is 665508845 prime?
False
Is 5562878021 composite?
True
Is 20245307477 composit